{"id":515,"date":"2021-07-26T17:07:33","date_gmt":"2021-07-26T17:07:33","guid":{"rendered":"https:\/\/solucionesdentalesdigitales.com\/diploma-implantologia\/?page_id=515"},"modified":"2022-01-07T17:14:14","modified_gmt":"2022-01-07T17:14:14","slug":"formulario-de-preinscripcion-2021","status":"publish","type":"page","link":"https:\/\/solucionesdentalesdigitales.com\/diploma-implantologia\/formulario-de-preinscripcion-2021\/","title":{"rendered":"Formulario de preinscripci\u00f3n 17\u00aa edici\u00f3n 2021-2022"},"content":{"rendered":"\n<p class=\"has-text-align-center has-large-font-size\">\u00a1CURSO COMPLETO!<\/p>\n\n\n\n<p class=\"has-text-align-center\">Se han completado todas las plazas disponibles para esta edici\u00f3n<\/p>\n\n\n\n<p class=\"has-text-align-center\">\u00a1S\u00edguenos en nuestras redes sociales para enterarte de los primeros cuando se abre el plazo de matriculaci\u00f3n de la siguiente edici\u00f3n!<\/p>\n\n\n\n<!--<center><iframe src=\"https:\/\/docs.google.com\/forms\/d\/e\/1FAIpQLScTdMq7uBG2oAYRDd2VUhycWL_f4cE95tShj9Ozr1JI2dKs7g\/viewform?entry.2132270560=Implantolog%C3%ADa+Cl%C3%ADnica:+t%C3%A9cnicas+quir%C3%BArquicas+y+procedimientos+restauradores+(53+ECTS,+660+horas))\" width=\"800\" height=\"4150\" frameborder=\"0\">Cargando...<\/iframe><\/center>-->\n\n\n\n<p><\/p>\n","protected":false},"excerpt":{"rendered":"<p>\u00a1CURSO COMPLETO! Se han completado todas las plazas disponibles para esta edici\u00f3n \u00a1S\u00edguenos en nuestras redes sociales para enterarte de los primeros cuando se abre el plazo de matriculaci\u00f3n de la siguiente edici\u00f3n!<\/p>\n","protected":false},"author":1,"featured_media":0,"parent":0,"menu_order":0,"comment_status":"closed","ping_status":"closed","template":"","meta":{"footnotes":""},"class_list":["post-515","page","type-page","status-publish"],"_links":{"self":[{"href":"https:\/\/solucionesdentalesdigitales.com\/diploma-implantologia\/wp-json\/wp\/v2\/pages\/515","targetHints":{"allow":["GET"]}}],"collection":[{"href":"https:\/\/solucionesdentalesdigitales.com\/diploma-implantologia\/wp-json\/wp\/v2\/pages"}],"about":[{"href":"https:\/\/solucionesdentalesdigitales.com\/diploma-implantologia\/wp-json\/wp\/v2\/types\/page"}],"author":[{"embeddable":true,"href":"https:\/\/solucionesdentalesdigitales.com\/diploma-implantologia\/wp-json\/wp\/v2\/users\/1"}],"replies":[{"embeddable":true,"href":"https:\/\/solucionesdentalesdigitales.com\/diploma-implantologia\/wp-json\/wp\/v2\/comments?post=515"}],"version-history":[{"count":8,"href":"https:\/\/solucionesdentalesdigitales.com\/diploma-implantologia\/wp-json\/wp\/v2\/pages\/515\/revisions"}],"predecessor-version":[{"id":629,"href":"https:\/\/solucionesdentalesdigitales.com\/diploma-implantologia\/wp-json\/wp\/v2\/pages\/515\/revisions\/629"}],"wp:attachment":[{"href":"https:\/\/solucionesdentalesdigitales.com\/diploma-implantologia\/wp-json\/wp\/v2\/media?parent=515"}],"curies":[{"name":"wp","href":"https:\/\/api.w.org\/{rel}","templated":true}]}}